86?
4
What is the millions digit of 8497414?
8
What is the hundreds digit of 815030?
0
What is the tens digit of 1818034?
3
What is the units digit of 2730274?
4
What is the ten thousands digit of 125339?
2
What is the units digit of 959127?
7
What is the thousands digit of 541087?
1
What is the ten thousands digit of 483209?
8
What is the units digit of 3130177?
7
What is the hundred thousands digit of 3266877?
2
What is the hundred thousands digit of 928748?
9
What is the hundred thousands digit of 313977?
3
What is the ten thousands digit of 7977073?
7
What is the units digit of 676899?
9
What is the millions digit of 34067348?
4
What is the thousands digit of 1127117?
7
What is the thousands digit of 499712?
9
What is the millions digit of 8995367?
8
What is the thousands digit of 239268?
9
What is the hundreds digit of 8250612?
6
What is the thousands digit of 183410?
3
What is the ten thousands digit of 51934?
5
What is the thousands digit of 2158050?
8
What is the tens digit of 539691?
9
What is the thousands digit of 67614?
7
What is the hundred thousands digit of 686822?
6
What is the units digit of 2338228?
8
What is the tens digit of 9652726?
2
What is the tens digit of 36304038?
3
What is the hundred thousands digit of 857118?
8
What is the thousands digit of 475576?
5
What is the hundreds digit of 3818764?
7
What is the units digit of 2721013?
3
What is the millions digit of 4591085?
4
What is the ten thousands digit of 188671?
8
What is the tens digit of 378975?
7
What is the tens digit of 11382122?
2
What is the ten thousands digit of 327097?
2
What is the tens digit of 1201994?
9
What is the hundreds digit of 12854777?
7
What is the units digit of 356748?
8
What is the thousands digit of 9216952?
6
What is the units digit of 746809?
9
What is the ten millions digit of 22493780?
2
What is the ten thousands digit of 31867?
3
What is the millions digit of 1011011?
1
What is the thousands digit of 19886197?
6
What is the ten millions digit of 33196639?
3
What is the thousands digit of 315414?
5
What is the hundred thousands digit of 1726055?
7
What is the hundreds digit of 50529?
5
What is the units digit of 1624182?
2
What is the ten thousands digit of 762575?
6
What is the units digit of 286283?
3
What is the thousands digit of 661138?
1
What is the ten thousands digit of 230761?
3
What is the thousands digit of 710194?
0
What is the tens digit of 640970?
7
What is the units digit of 282816?
6
What is the hundreds digit of 947813?
8
What is the ten thousands digit of 4255120?
5
What is the ten thousands digit of 34467550?
6
What is the hundreds digit of 298342?
3
What is the tens digit of 47352?
5
What is the thousands digit of 1512152?
2
What is the thousands digit of 6413824?
3
What is the thousands digit of 3867040?
7
What is the hundreds digit of 116199?
1
What is the ten thousands digit of 9176694?
7
What is the ten thousands digit of 8887787?
8
What is the tens digit of 2569018?
1
What is the units digit of 14464840?
0
What is the units digit of 408760?
0
What is the hundred thousands digit of 101957?
1
What is the units digit of 383450?
0
What is the thousands digit of 10124827?
4
What is the hundreds digit of 257209?
2
What is the hundred thousands digit of 1897202?
8
What is the hundred thousands digit of 494326?
4
What is the hundred thousands digit of 239969?
2
What is the ten thousands digit of 551073?
5
What is the thousands digit of 3358366?
8
What is the thousands digit of 10599?
0
What is the thousands digit of 10389761?
9
What is the ten thousands digit of 195640?
9
What is the ten thousands digit of 206344?
0
What is the hundred thousands digit of 369223?
3
What is the tens digit of 32772?
7
What is the hundred thousands digit of 21268470?
2
What is the hundred thousands digit of 2068371?
0
What is the ten thousands digit of 141973?
4
What is the ten thousands digit of 2039092?
3
What is the thousands digit of 506825?
6
What is the units digit of 7855159?
9
What is the thousands digit of 170050?
0
What is the ten thousands digit of 181466?
8
What is the hundred thousands digit of 11954279?
9
What is the hundreds digit of 16071654?
6
What is the ten thousands digit of 958336?
5
What is the units digit of 1239213?
3
What is the units digit of 38311?
1
What is the millions digit of 9396666?
9
What is the thousands digit of 263898?
3
What is the units digit of 20862017?
7
What is the units digit of 543765?
5
What is the tens digit of 13323809?
0
What is the tens digit of 4695491?
9
What is the units digit of 9886582?
2
What is the hundred thousands digit of 9169426?
1
What is the thousands digit of 656485?
6
What is the tens digit of 14012?
1
What is the tens digit of 898525?
2
What is the thousands digit of 680892?
0
What is the hundreds digit of 5223190?
1
What is the tens digit of 800471?
7
What is the thousands digit of 559298?
9
What is the hundreds digit of 91712?
7
What is the tens digit of 5014006?
0
What is the millions digit of 1516950?
1
What is the ten thousands digit of 1371111?
7
What is the hundred thousands digit of 372643?
3
What is the hundreds digit of 646026?
0
What is the units digit of 80151?
1
What is the hundred thousands digit of 21056709?
0
What is the hundred thousands digit of 4094011?
0
What is the units digit of 5621497?
7
What is the ten millions digit of 15887524?
1
What is the thousands digit of 264492?
4
What is the millions digit of 9218080?
9
What is the ten thousands digit of 1207000?
0
What is the hundred thousands digit of 7475248?
4
What is the hundred thousands digit of 4455720?
4
What is the thousands digit of 1275360?
5
What is the tens digit of 9199598?
9
What is the tens digit of 1876411?
1
What is the tens digit of 854418?
1
What is the hundreds digit of 215770?
7
What is the hundreds digit of 8388542?
5
What is the units digit of 383790?
0
What is the tens digit of 347307?
0
What is the units digit of 8273956?
6
What is the hundreds digit of 2585056?
0
What is the tens digit of 61834?
3
What is the units digit of 11180315?
5
What is the units digit of 322766?
6
What is the hundreds digit of 13505081?
0
What is the hundreds digit of 5910379?
3
What is the millions digit of 11754224?
1
What is the tens digit of 42056685?
8
What is the hundred thousands digit of 1793858?
7
What is the units digit of 814927?
7
What is the units digit of 1053941?
1
What is the thousands digit of 60559?
0
What is the tens digit of 3769113?
1
What is the hundred thousands digit of 229814?
2
What is the units digit of 5525167?
7
What is the millions digit of 5136508?
5
What is the hundreds digit of 30690578?
5
What is the thousands digit of 120039?
0
What is the ten thousands digit of 631441?
3
What is the ten thousands digit of 914127?
1
What is the hundred thousands digit of 5261471?
2
What is the thousands digit of 1974814?
4
What is the tens digit of 103451?
5
What is the thousands digit of 15137641?
7
What is the thousands digit of 408608?
8
What is the hundreds digit of 118750?
7
What is the millions digit of 4569324?
4
What is the units digit of 278923?
3
What is the hundred thousands digit of 801791?
8
What is the tens digit of 513314?
1
What is the hundred thousands digit of 159601?
1
What is the millions digit of 4396647?
4
What is the millions digit of 4832355?
4
What is the units digit of 5313336?
6
What is the units digit of 3263085?
5
What is the ten thousands digit of 601602?
0
What is the units digit of 499932?
2
What is the thousands digit of 3788339?
8
What is the tens digit of 7917417?
1
What is the units digit of 920257?
7
What is the tens digit of 5642187?
8
What is the thousands digit of 219694?
9
What is the units digit of 519135?
5
What is the ten thousands digit of 145818?
4
What is the ten thousands digit of 12290021?
9
What is the units digit of 79869?
9
What is the hundreds digit of 638340?
3
What is the ten thousands digit of 3574633?
7
What is the ten thousands digit of 331346?
3
What is the ten thousands digit of 429173?
2
What is the hundreds digit of 359660?
6
What is the hundreds digit of 1594950?
9
What is the thousands digit of 269711?
9
What is the tens digit of 176789?
8
What is the ten thousands digit of 339344?
3
What is the millions digit of 2765829